CRAN Package Check Results for Package RcppCWB

Last updated on 2022-04-08 01:48:56 CEST.

Flavor Version Tinstall Tcheck Ttotal Status Flags
r-devel-linux-x86_64-debian-clang 0.5.2 61.68 49.25 110.93 NOTE
r-devel-linux-x86_64-debian-gcc 0.5.2 52.85 38.28 91.13 NOTE
r-devel-linux-x86_64-fedora-clang 0.5.2 168.84 NOTE
r-devel-linux-x86_64-fedora-gcc 0.5.2 145.20 NOTE
r-devel-windows-x86_64-new-UL 0.5.2 227.00 110.00 337.00 NOTE
r-patched-linux-x86_64 0.5.2 62.06 48.06 110.12 NOTE
r-release-linux-x86_64 0.5.2 62.08 46.73 108.81 NOTE
r-release-macos-arm64 0.5.2 NOTE
r-release-macos-x86_64 0.5.2 NOTE
r-release-windows-ix86+x86_64 0.5.2 120.00 103.00 223.00 NOTE
r-oldrel-macos-x86_64 0.5.2 NOTE
r-oldrel-windows-ix86+x86_64 0.5.2 120.00 107.00 227.00 NOTE

Check Details

Version: 0.5.2
Check: for GNU extensions in Makefiles
Result: NOTE
    GNU make is a SystemRequirements.
Flavors: r-devel-linux-x86_64-debian-clang, r-devel-linux-x86_64-debian-gcc, r-devel-linux-x86_64-fedora-clang, r-devel-linux-x86_64-fedora-gcc, r-devel-windows-x86_64-new-UL, r-patched-linux-x86_64, r-release-linux-x86_64, r-release-macos-arm64, r-release-macos-x86_64, r-release-windows-ix86+x86_64, r-oldrel-macos-x86_64, r-oldrel-windows-ix86+x86_64

Version: 0.5.2
Check: installed package size
Result: NOTE
     installed size is 7.4Mb
     sub-directories of 1Mb or more:
     libs 6.1Mb
Flavors: r-release-macos-arm64, r-release-macos-x86_64, r-release-windows-ix86+x86_64, r-oldrel-macos-x86_64, r-oldrel-windows-ix86+x86_64