CRAN Package Check Results for Package RcppBDT

Last updated on 2022-04-08 01:48:56 CEST.

Flavor Version Tinstall Tcheck Ttotal Status Flags
r-devel-linux-x86_64-debian-clang 0.2.5 103.35 97.17 200.52 OK
r-devel-linux-x86_64-debian-gcc 0.2.5 95.57 71.87 167.44 OK
r-devel-linux-x86_64-fedora-clang 0.2.5 291.98 NOTE
r-devel-linux-x86_64-fedora-gcc 0.2.5 266.36 OK
r-devel-windows-x86_64-new-UL 0.2.5 100.00 138.00 238.00 OK
r-patched-linux-x86_64 0.2.5 102.42 91.57 193.99 OK
r-release-linux-x86_64 0.2.5 96.50 85.14 181.64 OK
r-release-macos-arm64 0.2.5 NOTE
r-release-macos-x86_64 0.2.5 NOTE
r-release-windows-ix86+x86_64 0.2.5 262.00 153.00 415.00 OK
r-oldrel-macos-x86_64 0.2.5 NOTE
r-oldrel-windows-ix86+x86_64 0.2.5 264.00 156.00 420.00 OK

Check Details

Version: 0.2.5
Check: installed package size
Result: NOTE
     installed size is 7.0Mb
     sub-directories of 1Mb or more:
     libs 6.7Mb
Flavors: r-devel-linux-x86_64-fedora-clang, r-release-macos-arm64, r-release-macos-x86_64, r-oldrel-macos-x86_64