CRAN Package Check Results for Package RcppArmadillo

Last updated on 2022-04-08 01:48:56 CEST.

Flavor Version Tinstall Tcheck Ttotal Status Flags
r-devel-linux-x86_64-debian-clang 0.10.8.1.0 50.25 58.03 108.28 OK
r-devel-linux-x86_64-debian-gcc 0.11.0.0.0 39.29 231.69 270.98 OK
r-devel-linux-x86_64-fedora-clang 0.11.0.0.0 476.65 NOTE
r-devel-linux-x86_64-fedora-gcc 0.11.0.0.0 312.59 OK
r-devel-windows-x86_64-new-UL 0.11.0.0.0 188.00 393.00 581.00 NOTE
r-patched-linux-x86_64 0.11.0.0.0 44.80 277.17 321.97 OK
r-release-linux-x86_64 0.11.0.0.0 43.10 272.73 315.83 OK
r-release-macos-arm64 0.10.8.1.0 NOTE
r-release-macos-x86_64 0.11.0.0.0 NOTE
r-release-windows-ix86+x86_64 0.10.8.1.0 114.00 779.00 893.00 NOTE
r-oldrel-macos-x86_64 0.11.0.0.0 NOTE
r-oldrel-windows-ix86+x86_64 0.11.0.0.0 116.00 563.00 679.00 NOTE

Check Details

Version: 0.11.0.0.0
Check: installed package size
Result: NOTE
     installed size is 8.5Mb
     sub-directories of 1Mb or more:
     include 6.3Mb
     libs 1.4Mb
Flavors: r-devel-linux-x86_64-fedora-clang, r-devel-windows-x86_64-new-UL, r-release-macos-x86_64, r-oldrel-macos-x86_64, r-oldrel-windows-ix86+x86_64

Version: 0.10.8.1.0
Check: installed package size
Result: NOTE
     installed size is 9.7Mb
     sub-directories of 1Mb or more:
     include 6.3Mb
     libs 2.7Mb
Flavors: r-release-macos-arm64, r-release-windows-ix86+x86_64