CRAN Package Check Results for Package Rcpp

Last updated on 2022-04-08 01:48:56 CEST.

Flavor Version Tinstall Tcheck Ttotal Status Flags
r-devel-linux-x86_64-debian-clang 1.0.8.3 60.79 88.01 148.80 OK
r-devel-linux-x86_64-debian-gcc 1.0.8.3 45.26 69.32 114.58 OK
r-devel-linux-x86_64-fedora-clang 1.0.8.3 208.67 NOTE
r-devel-linux-x86_64-fedora-gcc 1.0.8.3 179.55 NOTE
r-devel-windows-x86_64-new-UL 1.0.8.3 1062.00 237.00 1299.00 NOTE
r-patched-linux-x86_64 1.0.8.3 53.05 86.96 140.01 OK
r-release-linux-x86_64 1.0.8.3 48.69 87.23 135.92 OK
r-release-macos-arm64 1.0.8.3 NOTE
r-release-macos-x86_64 1.0.8.3 NOTE
r-release-windows-ix86+x86_64 1.0.8.3 134.00 139.00 273.00 NOTE
r-oldrel-macos-x86_64 1.0.8.3 NOTE
r-oldrel-windows-ix86+x86_64 1.0.8.3 128.00 139.00 267.00 NOTE

Check Details

Version: 1.0.8.3
Check: installed package size
Result: NOTE
     installed size is 12.8Mb
     sub-directories of 1Mb or more:
     doc 1.2Mb
     include 6.4Mb
     libs 3.1Mb
     tinytest 1.0Mb
Flavors: r-devel-linux-x86_64-fedora-clang, r-devel-windows-x86_64-new-UL, r-release-macos-arm64, r-release-macos-x86_64, r-release-windows-ix86+x86_64, r-oldrel-macos-x86_64, r-oldrel-windows-ix86+x86_64

Version: 1.0.8.3
Check: foreign function calls
Result: NOTE
    Registration problem:
     symbol ‘symbol’ in the local frame:
     .Call(symbol)
    See chapter ‘System and foreign language interfaces’ in the ‘Writing R
    Extensions’ manual.
Flavors: r-devel-linux-x86_64-fedora-clang, r-devel-linux-x86_64-fedora-gcc