CRAN Package Check Results for Package Rcplex

Last updated on 2022-04-08 01:48:56 CEST.

Flavor Version Tinstall Tcheck Ttotal Status Flags
r-devel-linux-x86_64-debian-clang 0.3-5 2.09 36.50 38.59 OK --install=fake --no-examples --no-tests --no-vignettes
r-devel-linux-x86_64-debian-gcc 0.3-5 2.19 28.39 30.58 OK --install=fake --no-examples --no-tests --no-vignettes
r-devel-windows-x86_64-new-UL 0.3-3 1.00 30.00 31.00 ERROR
r-patched-linux-x86_64 0.3-5 1.77 35.26 37.03 OK --install=fake --no-examples --no-tests --no-vignettes
r-release-linux-x86_64 0.3-5 2.13 34.45 36.58 OK --no-examples --no-tests --no-vignettes
r-release-macos-arm64 0.3-5 ERROR
r-release-macos-x86_64 0.3-5 ERROR
r-oldrel-macos-x86_64 0.3-5 ERROR
r-oldrel-windows-ix86+x86_64 0.3-3 2.00 6.00 8.00 ERROR

Check Details

Version: 0.3-3
Check: whether package can be installed
Result: ERROR
    Installation failed.
Flavors: r-devel-windows-x86_64-new-UL, r-oldrel-windows-ix86+x86_64

Version: 0.3-5
Check: whether package can be installed
Result: ERROR
    Installation failed.
Flavors: r-release-macos-arm64, r-release-macos-x86_64, r-oldrel-macos-x86_64