Last updated on 2022-04-08 01:48:56 CEST.
Flavor | Version | Tinstall | Tcheck | Ttotal | Status | Flags |
---|---|---|---|---|---|---|
r-devel-linux-x86_64-debian-clang | 0.91.3 | 28.51 | 166.12 | 194.63 | NOTE | |
r-devel-linux-x86_64-debian-gcc | 0.91.3 | 21.38 | 122.67 | 144.05 | NOTE | |
r-devel-linux-x86_64-fedora-clang | 0.91.3 | 237.91 | NOTE | |||
r-devel-linux-x86_64-fedora-gcc | 0.91.3 | 218.29 | NOTE | |||
r-devel-windows-x86_64-new-UL | 0.91.3 | 157.00 | 182.00 | 339.00 | NOTE | |
r-patched-linux-x86_64 | 0.91.3 | 1.00 | 11.64 | 12.64 | ERROR | |
r-release-linux-x86_64 | 0.91.3 | 25.36 | 147.31 | 172.67 | NOTE | |
r-release-macos-arm64 | 0.91.3 | NOTE | ||||
r-release-macos-x86_64 | 0.91.3 | NOTE | ||||
r-release-windows-ix86+x86_64 | 0.91.3 | 34.00 | 185.00 | 219.00 | NOTE | |
r-oldrel-macos-x86_64 | 0.91.3 | OK | ||||
r-oldrel-windows-ix86+x86_64 | 0.91.3 | 43.00 | 176.00 | 219.00 | OK |
Version: 0.91.3
Check: LazyData
Result: NOTE
'LazyData' is specified without a 'data' directory
Flavors: r-devel-linux-x86_64-debian-clang, r-devel-linux-x86_64-debian-gcc, r-devel-linux-x86_64-fedora-clang, r-devel-linux-x86_64-fedora-gcc, r-devel-windows-x86_64-new-UL, r-release-linux-x86_64, r-release-macos-arm64, r-release-macos-x86_64, r-release-windows-ix86+x86_64
Version: 0.91.3
Check: package dependencies
Result: ERROR
Package required but not available: ‘conclust’
See section ‘The DESCRIPTION file’ in the ‘Writing R Extensions’
manual.
Flavor: r-patched-linux-x86_64