Last updated on 2022-04-08 01:48:56 CEST.
Flavor | Version | Tinstall | Tcheck | Ttotal | Status | Flags |
---|---|---|---|---|---|---|
r-devel-linux-x86_64-debian-clang | 0.2-3 | 184.97 | 47.92 | 232.89 | OK | |
r-devel-linux-x86_64-debian-gcc | 0.2-3 | 145.79 | 36.98 | 182.77 | OK | |
r-devel-linux-x86_64-fedora-clang | 0.2-3 | 369.48 | NOTE | |||
r-devel-linux-x86_64-fedora-gcc | 0.2-3 | 290.21 | OK | |||
r-devel-windows-x86_64-new-UL | 0.2-3 | 161.00 | 100.00 | 261.00 | OK | |
r-patched-linux-x86_64 | 0.2-3 | 156.37 | 46.12 | 202.49 | OK | |
r-release-linux-x86_64 | 0.2-3 | 148.90 | 43.91 | 192.81 | OK | |
r-release-macos-arm64 | 0.2-3 | NOTE | ||||
r-release-macos-x86_64 | 0.2-3 | NOTE | ||||
r-release-windows-ix86+x86_64 | 0.2-3 | 432.00 | 106.00 | 538.00 | OK | |
r-oldrel-macos-x86_64 | 0.2-3 | NOTE | ||||
r-oldrel-windows-ix86+x86_64 | 0.2-3 | 431.00 | 111.00 | 542.00 | OK |
Version: 0.2-3
Check: installed package size
Result: NOTE
installed size is 7.7Mb
sub-directories of 1Mb or more:
libs 7.4Mb
Flavors: r-devel-linux-x86_64-fedora-clang, r-release-macos-arm64, r-release-macos-x86_64, r-oldrel-macos-x86_64