CRAN Package Check Results for Package Raquifer

Last updated on 2022-04-08 01:48:55 CEST.

Flavor Version Tinstall Tcheck Ttotal Status Flags
r-devel-linux-x86_64-debian-clang 0.1.0 8.01 79.34 87.35 NOTE
r-devel-linux-x86_64-debian-gcc 0.1.0 5.60 58.89 64.49 NOTE
r-devel-linux-x86_64-fedora-clang 0.1.0 105.04 NOTE
r-devel-linux-x86_64-fedora-gcc 0.1.0 88.29 NOTE
r-devel-windows-x86_64-new-UL 0.1.0 19.00 97.00 116.00 NOTE
r-patched-linux-x86_64 0.1.0 4.77 74.73 79.50 NOTE
r-release-linux-x86_64 0.1.0 4.46 71.18 75.64 NOTE
r-release-macos-arm64 0.1.0 NOTE
r-release-macos-x86_64 0.1.0 NOTE
r-release-windows-ix86+x86_64 0.1.0 14.00 102.00 116.00 NOTE
r-oldrel-macos-x86_64 0.1.0 OK
r-oldrel-windows-ix86+x86_64 0.1.0 15.00 89.00 104.00 OK

Check Details

Version: 0.1.0
Check: LazyData
Result: NOTE
     'LazyData' is specified without a 'data' directory
Flavors: r-devel-linux-x86_64-debian-clang, r-devel-linux-x86_64-debian-gcc, r-devel-linux-x86_64-fedora-clang, r-devel-linux-x86_64-fedora-gcc, r-devel-windows-x86_64-new-UL, r-patched-linux-x86_64, r-release-linux-x86_64, r-release-macos-arm64, r-release-macos-x86_64, r-release-windows-ix86+x86_64