CRAN Package Check Results for Package RandomFieldsUtils

Last updated on 2022-04-08 01:48:55 CEST.

Flavor Version Tinstall Tcheck Ttotal Status Flags
r-devel-linux-x86_64-debian-clang 1.2.3 30.16 54.77 84.93 OK
r-devel-linux-x86_64-debian-gcc 1.2.3 28.33 34.76 63.09 OK
r-devel-linux-x86_64-fedora-clang 1.2.3 112.86 OK
r-devel-linux-x86_64-fedora-gcc 1.2.3 98.35 OK
r-devel-windows-x86_64-new-UL 1.2.3 257.00 72.00 329.00 OK
r-patched-linux-x86_64 1.2.3 28.38 54.02 82.40 OK
r-release-linux-x86_64 1.2.3 26.96 54.22 81.18 OK
r-release-macos-arm64 1.2.3 ERROR
r-release-macos-x86_64 1.2.3 OK
r-release-windows-ix86+x86_64 1.2.2 80.00 64.00 144.00 OK
r-oldrel-macos-x86_64 1.2.3 OK
r-oldrel-windows-ix86+x86_64 1.2.3 78.00 67.00 145.00 OK

Additional issues

BLAS M1mac M1mac

Check Details

Version: 1.2.3
Check: whether package can be installed
Result: ERROR
    Installation failed.
Flavor: r-release-macos-arm64