CRAN Package Check Results for Package RandomFields

Last updated on 2022-04-08 01:48:55 CEST.

Flavor Version Tinstall Tcheck Ttotal Status Flags
r-devel-linux-x86_64-debian-clang 3.3.14 106.01 286.15 392.16 OK
r-devel-linux-x86_64-debian-gcc 3.3.14 95.03 203.07 298.10 OK
r-devel-linux-x86_64-fedora-clang 3.3.14 509.58 NOTE
r-devel-linux-x86_64-fedora-gcc 3.3.14 476.36 OK
r-devel-windows-x86_64-new-UL 3.3.14 487.00 345.00 832.00 OK
r-patched-linux-x86_64 3.3.14 115.56 272.41 387.97 OK
r-release-linux-x86_64 3.3.14 101.43 257.90 359.33 OK
r-release-macos-arm64 3.3.14 NOTE
r-release-macos-x86_64 3.3.14 NOTE
r-release-windows-ix86+x86_64 3.3.14 258.00 404.00 662.00 NOTE
r-oldrel-macos-x86_64 3.3.14 NOTE
r-oldrel-windows-ix86+x86_64 3.3.14 258.00 417.00 675.00 NOTE

Check Details

Version: 3.3.14
Check: installed package size
Result: NOTE
     installed size is 7.8Mb
     sub-directories of 1Mb or more:
     R 1.6Mb
     help 1.2Mb
     libs 4.8Mb
Flavors: r-devel-linux-x86_64-fedora-clang, r-release-macos-arm64, r-release-macos-x86_64, r-release-windows-ix86+x86_64, r-oldrel-macos-x86_64, r-oldrel-windows-ix86+x86_64

Version: 3.3.14
Check: Rd cross-references
Result: NOTE
    Package unavailable to check Rd xrefs: ‘raster’
Flavor: r-oldrel-macos-x86_64