CRAN Package Check Results for Package RZigZag

Last updated on 2022-04-08 01:48:58 CEST.

Flavor Version Tinstall Tcheck Ttotal Status Flags
r-devel-linux-x86_64-debian-clang 0.2.1 99.79 36.24 136.03 OK
r-devel-linux-x86_64-debian-gcc 0.2.1 82.63 30.33 112.96 OK
r-devel-linux-x86_64-fedora-clang 0.2.1 207.56 NOTE
r-devel-linux-x86_64-fedora-gcc 0.2.1 171.84 OK
r-devel-windows-x86_64-new-UL 0.2.1 85.00 75.00 160.00 OK
r-patched-linux-x86_64 0.2.1 84.37 37.84 122.21 OK
r-release-linux-x86_64 0.2.1 83.61 36.09 119.70 OK
r-release-macos-arm64 0.2.1 NOTE
r-release-macos-x86_64 0.2.1 NOTE
r-release-windows-ix86+x86_64 0.2.1 238.00 75.00 313.00 OK
r-oldrel-macos-x86_64 0.2.1 NOTE
r-oldrel-windows-ix86+x86_64 0.2.1 238.00 75.00 313.00 OK

Check Details

Version: 0.2.1
Check: installed package size
Result: NOTE
     installed size is 13.3Mb
     sub-directories of 1Mb or more:
     libs 13.1Mb
Flavors: r-devel-linux-x86_64-fedora-clang, r-release-macos-arm64, r-release-macos-x86_64, r-oldrel-macos-x86_64