CRAN Package Check Results for Package RSpectra

Last updated on 2022-04-08 01:48:57 CEST.

Flavor Version Tinstall Tcheck Ttotal Status Flags
r-devel-linux-x86_64-debian-clang 0.16-0 195.75 85.23 280.98 OK
r-devel-linux-x86_64-debian-gcc 0.16-0 177.12 68.89 246.01 OK
r-devel-linux-x86_64-fedora-clang 0.16-0 390.46 NOTE
r-devel-linux-x86_64-fedora-gcc 0.16-0 376.02 OK
r-devel-windows-x86_64-new-UL 0.16-0 197.00 136.00 333.00 OK
r-patched-linux-x86_64 0.16-0 180.15 87.93 268.08 OK
r-release-linux-x86_64 0.16-0 182.44 82.26 264.70 OK
r-release-macos-arm64 0.16-0 NOTE
r-release-macos-x86_64 0.16-0 NOTE
r-release-windows-ix86+x86_64 0.16-0 385.00 137.00 522.00 OK
r-oldrel-macos-x86_64 0.16-0 NOTE
r-oldrel-windows-ix86+x86_64 0.16-0 381.00 143.00 524.00 OK

Additional issues

BLAS

Check Details

Version: 0.16-0
Check: installed package size
Result: NOTE
     installed size is 38.4Mb
     sub-directories of 1Mb or more:
     libs 37.7Mb
Flavors: r-devel-linux-x86_64-fedora-clang, r-release-macos-arm64, r-release-macos-x86_64, r-oldrel-macos-x86_64