CRAN Package Check Results for Package RSNNS

Last updated on 2022-04-08 01:48:57 CEST.

Flavor Version Tinstall Tcheck Ttotal Status Flags
r-devel-linux-x86_64-debian-clang 0.4-14 71.25 62.14 133.39 OK
r-devel-linux-x86_64-debian-gcc 0.4-14 69.64 48.35 117.99 OK
r-devel-linux-x86_64-fedora-clang 0.4-14 254.48 OK
r-devel-linux-x86_64-fedora-gcc 0.4-14 178.80 OK
r-devel-windows-x86_64-new-UL 0.4-14 126.00 118.00 244.00 OK
r-patched-linux-x86_64 0.4-14 73.76 61.38 135.14 OK
r-release-linux-x86_64 0.4-14 69.39 58.79 128.18 OK
r-release-macos-arm64 0.4-14 NOTE
r-release-macos-x86_64 0.4-14 NOTE
r-release-windows-ix86+x86_64 0.4-14 218.00 116.00 334.00 OK
r-oldrel-macos-x86_64 0.4-14 NOTE
r-oldrel-windows-ix86+x86_64 0.4-14 216.00 115.00 331.00 OK

Check Details

Version: 0.4-14
Check: installed package size
Result: NOTE
     installed size is 8.2Mb
     sub-directories of 1Mb or more:
     libs 7.2Mb
Flavors: r-release-macos-arm64, r-release-macos-x86_64, r-oldrel-macos-x86_64