CRAN Package Check Results for Package RSDK

Last updated on 2022-04-08 01:48:57 CEST.

Flavor Version Tinstall Tcheck Ttotal Status Flags
r-devel-linux-x86_64-debian-clang 1.0.1 2.49 39.75 42.24 OK
r-devel-linux-x86_64-debian-gcc 1.0.1 2.22 30.54 32.76 OK
r-devel-linux-x86_64-fedora-clang 1.0.1 53.67 NOTE
r-devel-linux-x86_64-fedora-gcc 1.0.1 40.15 NOTE
r-devel-windows-x86_64-new-UL 1.0.1 12.00 57.00 69.00 OK
r-patched-linux-x86_64 1.0.1 1.83 38.99 40.82 OK
r-release-linux-x86_64 1.0.1 1.60 37.97 39.57 OK
r-release-macos-arm64 1.0.1 NOTE
r-release-macos-x86_64 1.0.1 NOTE
r-release-windows-ix86+x86_64 1.0.1 6.00 48.00 54.00 OK
r-oldrel-macos-x86_64 1.0.1 NOTE
r-oldrel-windows-ix86+x86_64 1.0.1 6.00 47.00 53.00 OK

Check Details

Version: 1.0.1
Check: dependencies in R code
Result: NOTE
    Namespaces in Imports field not imported from:
     ‘keys’ ‘shinyWidgets’ ‘testthat’
     All declared Imports should be used.
Flavors: r-devel-linux-x86_64-fedora-clang, r-devel-linux-x86_64-fedora-gcc, r-release-macos-arm64, r-release-macos-x86_64, r-oldrel-macos-x86_64