Last updated on 2022-04-08 01:48:57 CEST.
Flavor | Version | Tinstall | Tcheck | Ttotal | Status | Flags |
---|---|---|---|---|---|---|
r-devel-linux-x86_64-debian-clang | 1.3.0 | 11.29 | 97.13 | 108.42 | OK | |
r-devel-linux-x86_64-debian-gcc | 1.3.0 | 9.08 | 73.59 | 82.67 | OK | |
r-devel-linux-x86_64-fedora-clang | 1.3.0 | 134.57 | NOTE | |||
r-devel-linux-x86_64-fedora-gcc | 1.3.0 | 116.83 | OK | |||
r-devel-windows-x86_64-new-UL | 1.3.0 | 28.00 | 116.00 | 144.00 | OK | |
r-patched-linux-x86_64 | 1.3.0 | 14.33 | 91.36 | 105.69 | OK | |
r-release-linux-x86_64 | 1.3.0 | 9.19 | 88.61 | 97.80 | OK | |
r-release-macos-arm64 | 1.3.0 | OK | ||||
r-release-macos-x86_64 | 1.3.0 | OK | ||||
r-release-windows-ix86+x86_64 | 1.3.0 | 21.00 | 111.00 | 132.00 | OK | |
r-oldrel-macos-x86_64 | 1.3.0 | OK | ||||
r-oldrel-windows-ix86+x86_64 | 1.3.0 | 21.00 | 103.00 | 124.00 | OK |
Version: 1.3.0
Check: Rd cross-references
Result: NOTE
Undeclared package ‘sp’ in Rd xrefs
Flavor: r-devel-linux-x86_64-fedora-clang