CRAN Package Check Results for Package RQuantLib

Last updated on 2022-04-08 01:48:57 CEST.

Flavor Version Tinstall Tcheck Ttotal Status Flags
r-devel-linux-x86_64-debian-clang 0.4.15 716.45 71.01 787.46 OK
r-devel-linux-x86_64-debian-gcc 0.4.15 833.40 52.49 885.89 OK
r-devel-windows-x86_64-new-UL 0.4.15 4147.00 161.00 4308.00 NOTE
r-patched-linux-x86_64 0.4.15 843.23 65.62 908.85 OK
r-release-linux-x86_64 0.4.15 872.98 63.50 936.48 OK
r-release-macos-arm64 0.4.15 NOTE
r-release-macos-x86_64 0.4.15 NOTE
r-release-windows-ix86+x86_64 0.4.15 2300.00 175.00 2475.00 NOTE
r-oldrel-macos-x86_64 0.4.15 NOTE
r-oldrel-windows-ix86+x86_64 0.4.15 2301.00 185.00 2486.00 NOTE

Check Details

Version: 0.4.15
Check: installed package size
Result: NOTE
     installed size is 14.5Mb
     sub-directories of 1Mb or more:
     libs 13.9Mb
Flavors: r-devel-windows-x86_64-new-UL, r-release-macos-arm64, r-release-macos-x86_64, r-release-windows-ix86+x86_64, r-oldrel-macos-x86_64, r-oldrel-windows-ix86+x86_64