Last updated on 2022-04-08 01:48:57 CEST.
Flavor | Version | Tinstall | Tcheck | Ttotal | Status | Flags |
---|---|---|---|---|---|---|
r-devel-linux-x86_64-debian-clang | 0.1.3 | 2.25 | 52.86 | 55.11 | NOTE | |
r-devel-linux-x86_64-debian-gcc | 0.1.3 | 1.81 | 39.46 | 41.27 | NOTE | |
r-devel-linux-x86_64-fedora-clang | 0.1.3 | 67.72 | NOTE | |||
r-devel-linux-x86_64-fedora-gcc | 0.1.3 | 53.19 | NOTE | |||
r-devel-windows-x86_64-new-UL | 0.1.3 | 27.00 | 77.00 | 104.00 | NOTE | |
r-patched-linux-x86_64 | 0.1.3 | 1.85 | 50.34 | 52.19 | NOTE | |
r-release-linux-x86_64 | 0.1.3 | 1.98 | 51.49 | 53.47 | NOTE | |
r-release-macos-arm64 | 0.1.3 | NOTE | ||||
r-release-macos-x86_64 | 0.1.3 | NOTE | ||||
r-release-windows-ix86+x86_64 | 0.1.3 | 6.00 | 64.00 | 70.00 | NOTE | |
r-oldrel-macos-x86_64 | 0.1.3 | OK | ||||
r-oldrel-windows-ix86+x86_64 | 0.1.3 | 6.00 | 67.00 | 73.00 | OK |
Version: 0.1.3
Check: LazyData
Result: NOTE
'LazyData' is specified without a 'data' directory
Flavors: r-devel-linux-x86_64-debian-clang, r-devel-linux-x86_64-debian-gcc, r-devel-linux-x86_64-fedora-clang, r-devel-linux-x86_64-fedora-gcc, r-devel-windows-x86_64-new-UL, r-patched-linux-x86_64, r-release-linux-x86_64, r-release-macos-arm64, r-release-macos-x86_64, r-release-windows-ix86+x86_64