Last updated on 2022-04-08 01:48:57 CEST.
Flavor | Version | Tinstall | Tcheck | Ttotal | Status | Flags |
---|---|---|---|---|---|---|
r-devel-linux-x86_64-debian-clang | 0.3-0 | 6.11 | 56.39 | 62.50 | OK | --no-tests |
r-devel-linux-x86_64-debian-gcc | 0.3-0 | 4.29 | 39.51 | 43.80 | OK | --no-tests |
r-devel-windows-x86_64-new-UL | 0.3-0 | 2.00 | 23.00 | 25.00 | ERROR | |
r-patched-linux-x86_64 | 0.3-0 | 5.96 | 51.97 | 57.93 | OK | --no-tests |
r-release-linux-x86_64 | 0.3-0 | 4.84 | 50.15 | 54.99 | OK | --no-tests |
r-release-macos-arm64 | 0.3-0 | ERROR | ||||
r-release-macos-x86_64 | 0.3-0 | ERROR | ||||
r-oldrel-macos-x86_64 | 0.3-0 | ERROR | ||||
r-oldrel-windows-ix86+x86_64 | 0.3-0 | 1.00 | 7.00 | 8.00 | ERROR |
Version: 0.3-0
Check: package dependencies
Result: ERROR
Package required but not available: 'Rcplex'
See section 'The DESCRIPTION file' in the 'Writing R Extensions'
manual.
Flavors: r-devel-windows-x86_64-new-UL, r-release-macos-arm64, r-release-macos-x86_64, r-oldrel-macos-x86_64, r-oldrel-windows-ix86+x86_64