Last updated on 2022-04-08 01:48:57 CEST.
Flavor | Version | Tinstall | Tcheck | Ttotal | Status | Flags |
---|---|---|---|---|---|---|
r-devel-linux-x86_64-debian-clang | 2.5-2 | 19.54 | 51.19 | 70.73 | OK | |
r-devel-linux-x86_64-debian-gcc | 2.5-2 | 12.66 | 38.95 | 51.61 | OK | |
r-devel-linux-x86_64-fedora-clang | 2.5-2 | 89.29 | OK | |||
r-devel-linux-x86_64-fedora-gcc | 2.5-2 | 70.28 | OK | |||
r-devel-windows-x86_64-new-UL | 2.5-2 | 82.00 | 135.00 | 217.00 | NOTE | |
r-patched-linux-x86_64 | 2.5-2 | 13.11 | 48.37 | 61.48 | OK | |
r-release-linux-x86_64 | 2.5-2 | 12.78 | 48.69 | 61.47 | OK | |
r-release-macos-arm64 | 2.5-2 | NOTE | ||||
r-release-macos-x86_64 | 2.5-2 | NOTE | ||||
r-release-windows-ix86+x86_64 | 2.5-2 | 39.00 | 159.00 | 198.00 | NOTE | |
r-oldrel-macos-x86_64 | 2.5-2 | NOTE | ||||
r-oldrel-windows-ix86+x86_64 | 2.5-2 | 40.00 | 149.00 | 189.00 | NOTE |
Version: 2.5-2
Check: installed package size
Result: NOTE
installed size is 8.8Mb
sub-directories of 1Mb or more:
libs 8.5Mb
Flavors: r-devel-windows-x86_64-new-UL, r-release-macos-arm64, r-release-macos-x86_64, r-release-windows-ix86+x86_64, r-oldrel-macos-x86_64, r-oldrel-windows-ix86+x86_64
Version: 2.5-2
Check: package dependencies
Result: NOTE
Package which this enhances but not available for checking: ‘pbdMPI’
Flavors: r-release-macos-arm64, r-release-macos-x86_64, r-oldrel-macos-x86_64
Version: 2.5-2
Check: Rd cross-references
Result: NOTE
Package unavailable to check Rd xrefs: ‘pbdMPI’
Flavors: r-release-macos-arm64, r-release-macos-x86_64, r-oldrel-macos-x86_64