CRAN Package Check Results for Package RMTL

Last updated on 2022-04-08 01:48:57 CEST.

Flavor Version Tinstall Tcheck Ttotal Status Flags
r-devel-linux-x86_64-debian-clang 0.9 3.64 60.38 64.02 NOTE
r-devel-linux-x86_64-debian-gcc 0.9 3.62 46.24 49.86 NOTE
r-devel-linux-x86_64-fedora-clang 0.9 82.08 OK
r-devel-linux-x86_64-fedora-gcc 0.9 66.46 OK
r-devel-windows-x86_64-new-UL 0.9 16.00 77.00 93.00 NOTE
r-patched-linux-x86_64 0.9 4.97 58.45 63.42 NOTE
r-release-linux-x86_64 0.9 2.71 57.70 60.41 NOTE
r-release-macos-arm64 0.9 OK
r-release-macos-x86_64 0.9 OK
r-release-windows-ix86+x86_64 0.9 9.00 66.00 75.00 NOTE
r-oldrel-macos-x86_64 0.9 OK
r-oldrel-windows-ix86+x86_64 0.9 8.00 66.00 74.00 NOTE

Check Details

Version: 0.9
Check: package vignettes
Result: NOTE
    Package vignette with placeholder title 'Vignette Title':
     'rmtl.Rmd'
Flavors: r-devel-linux-x86_64-debian-clang, r-devel-linux-x86_64-debian-gcc, r-devel-windows-x86_64-new-UL, r-patched-linux-x86_64, r-release-linux-x86_64, r-release-windows-ix86+x86_64, r-oldrel-windows-ix86+x86_64