CRAN Package Check Results for Package RKHSMetaMod

Last updated on 2022-04-08 01:48:57 CEST.

Flavor Version Tinstall Tcheck Ttotal Status Flags
r-devel-linux-x86_64-debian-clang 1.1 229.65 42.01 271.66 OK
r-devel-linux-x86_64-debian-gcc 1.1 183.01 36.35 219.36 OK
r-devel-linux-x86_64-fedora-clang 1.1 453.12 NOTE
r-devel-linux-x86_64-fedora-gcc 1.1 355.40 OK
r-devel-windows-x86_64-new-UL 1.1 174.00 96.00 270.00 OK
r-patched-linux-x86_64 1.1 189.32 45.23 234.55 OK
r-release-linux-x86_64 1.1 193.48 43.63 237.11 OK
r-release-macos-arm64 1.1 NOTE
r-release-macos-x86_64 1.1 NOTE
r-release-windows-ix86+x86_64 1.1 480.00 92.00 572.00 OK
r-oldrel-macos-x86_64 1.1 NOTE
r-oldrel-windows-ix86+x86_64 1.1 482.00 98.00 580.00 OK

Additional issues

noSuggests

Check Details

Version: 1.1
Check: installed package size
Result: NOTE
     installed size is 18.0Mb
     sub-directories of 1Mb or more:
     libs 17.9Mb
Flavors: r-devel-linux-x86_64-fedora-clang, r-release-macos-arm64, r-release-macos-x86_64, r-oldrel-macos-x86_64