CRAN Package Check Results for Package RHPCBenchmark

Last updated on 2022-04-08 01:48:56 CEST.

Flavor Version Tinstall Tcheck Ttotal Status Flags
r-devel-linux-x86_64-debian-clang 0.1.0 4.62 47.80 52.42 NOTE
r-devel-linux-x86_64-debian-gcc 0.1.0 4.26 37.41 41.67 NOTE
r-devel-linux-x86_64-fedora-clang 0.1.0 67.35 NOTE
r-devel-linux-x86_64-fedora-gcc 0.1.0 53.33 NOTE
r-devel-windows-x86_64-new-UL 0.1.0 99.00 70.00 169.00 NOTE
r-patched-linux-x86_64 0.1.0 5.33 46.43 51.76 NOTE
r-release-linux-x86_64 0.1.0 3.35 45.55 48.90 NOTE
r-release-macos-arm64 0.1.0 NOTE
r-release-macos-x86_64 0.1.0 NOTE
r-release-windows-ix86+x86_64 0.1.0 11.00 66.00 77.00 NOTE
r-oldrel-macos-x86_64 0.1.0 OK
r-oldrel-windows-ix86+x86_64 0.1.0 11.00 62.00 73.00 OK

Check Details

Version: 0.1.0
Check: LazyData
Result: NOTE
     'LazyData' is specified without a 'data' directory
Flavors: r-devel-linux-x86_64-debian-clang, r-devel-linux-x86_64-debian-gcc, r-devel-linux-x86_64-fedora-clang, r-devel-linux-x86_64-fedora-gcc, r-devel-windows-x86_64-new-UL, r-patched-linux-x86_64, r-release-linux-x86_64, r-release-macos-arm64, r-release-macos-x86_64, r-release-windows-ix86+x86_64