CRAN Package Check Results for Package RBesT

Last updated on 2022-04-08 01:48:55 CEST.

Flavor Version Tinstall Tcheck Ttotal Status Flags
r-devel-linux-x86_64-debian-clang 1.6-3 150.65 414.02 564.67 NOTE
r-devel-linux-x86_64-debian-gcc 1.6-3 139.11 292.37 431.48 NOTE
r-devel-linux-x86_64-fedora-clang 1.6-3 715.63 NOTE
r-devel-linux-x86_64-fedora-gcc 1.6-3 686.03 NOTE
r-devel-windows-x86_64-new-UL 1.6-3 147.00 492.00 639.00 NOTE
r-patched-linux-x86_64 1.6-3 123.40 393.62 517.02 NOTE
r-release-linux-x86_64 1.6-3 104.34 382.09 486.43 NOTE
r-release-macos-arm64 1.6-3 NOTE
r-release-macos-x86_64 1.6-3 NOTE
r-release-windows-ix86+x86_64 1.6-3 322.00 559.00 881.00 NOTE
r-oldrel-macos-x86_64 1.6-3 NOTE
r-oldrel-windows-ix86+x86_64 1.6-3 321.00 550.00 871.00 NOTE

Check Details

Version: 1.6-3
Check: for GNU extensions in Makefiles
Result: NOTE
    GNU make is a SystemRequirements.
Flavors: r-devel-linux-x86_64-debian-clang, r-devel-linux-x86_64-debian-gcc, r-devel-linux-x86_64-fedora-clang, r-devel-linux-x86_64-fedora-gcc, r-devel-windows-x86_64-new-UL, r-patched-linux-x86_64, r-release-linux-x86_64, r-release-macos-arm64, r-release-macos-x86_64, r-release-windows-ix86+x86_64, r-oldrel-macos-x86_64, r-oldrel-windows-ix86+x86_64

Version: 1.6-3
Check: installed package size
Result: NOTE
     installed size is 27.2Mb
     sub-directories of 1Mb or more:
     doc 2.0Mb
     libs 24.3Mb
Flavors: r-devel-linux-x86_64-fedora-clang, r-release-macos-arm64, r-release-macos-x86_64, r-release-windows-ix86+x86_64, r-oldrel-macos-x86_64, r-oldrel-windows-ix86+x86_64