Last updated on 2022-04-08 01:48:55 CEST.
Flavor | Version | Tinstall | Tcheck | Ttotal | Status | Flags |
---|---|---|---|---|---|---|
r-devel-linux-x86_64-debian-clang | 2.1-21 | 3.92 | 57.04 | 60.96 | NOTE | |
r-devel-linux-x86_64-debian-gcc | 2.1-21 | 3.95 | 43.65 | 47.60 | NOTE | |
r-devel-linux-x86_64-fedora-clang | 2.1-21 | 78.02 | OK | |||
r-devel-linux-x86_64-fedora-gcc | 2.1-21 | 64.34 | OK | |||
r-devel-windows-x86_64-new-UL | 2.1-21 | 24.00 | 98.00 | 122.00 | NOTE | |
r-patched-linux-x86_64 | 2.1-21 | 5.44 | 54.61 | 60.05 | NOTE | |
r-release-linux-x86_64 | 2.1-21 | 3.05 | 53.31 | 56.36 | NOTE | |
r-release-macos-arm64 | 2.1-21 | NOTE | ||||
r-release-macos-x86_64 | 2.1-21 | NOTE | ||||
r-release-windows-ix86+x86_64 | 2.1-21 | 9.00 | 67.00 | 76.00 | OK | |
r-oldrel-macos-x86_64 | 2.1-21 | NOTE | ||||
r-oldrel-windows-ix86+x86_64 | 2.1-21 | 9.00 | 67.00 | 76.00 | OK |
Version: 2.1-21
Check: R code for possible problems
Result: NOTE
Found the following calls to attach():
File 'R2WinBUGS/R/attach.all.R':
attach(x, name = name)
See section 'Good practice' in '?attach'.
Flavors: r-devel-linux-x86_64-debian-clang, r-devel-linux-x86_64-debian-gcc, r-patched-linux-x86_64, r-release-linux-x86_64
Version: 2.1-21
Check: package dependencies
Result: NOTE
Package suggested but not available for checking: 'BRugs'
Flavors: r-devel-windows-x86_64-new-UL, r-release-macos-arm64, r-release-macos-x86_64, r-oldrel-macos-x86_64
Version: 2.1-21
Check: Rd cross-references
Result: NOTE
Package unavailable to check Rd xrefs: ‘BRugs’
Flavors: r-release-macos-arm64, r-release-macos-x86_64, r-oldrel-macos-x86_64