Last updated on 2022-04-08 01:48:55 CEST.
Flavor | Version | Tinstall | Tcheck | Ttotal | Status | Flags |
---|---|---|---|---|---|---|
r-devel-linux-x86_64-debian-clang | 0.9-7 | 24.77 | 40.10 | 64.87 | OK | |
r-devel-linux-x86_64-debian-gcc | 0.9-7 | 19.65 | 31.43 | 51.08 | OK | |
r-devel-linux-x86_64-fedora-clang | 0.9-7 | 84.76 | OK | |||
r-devel-linux-x86_64-fedora-gcc | 0.9-7 | 68.73 | OK | |||
r-devel-windows-x86_64-new-UL | 0.9-7 | 99.00 | 107.00 | 206.00 | OK | |
r-patched-linux-x86_64 | 0.9-7 | 19.90 | 39.19 | 59.09 | OK | |
r-release-linux-x86_64 | 0.9-7 | 18.22 | 37.89 | 56.11 | OK | |
r-release-macos-arm64 | 0.9-7 | NOTE | ||||
r-release-macos-x86_64 | 0.9-7 | NOTE | ||||
r-release-windows-ix86+x86_64 | 0.9-7 | 67.00 | 61.00 | 128.00 | OK | |
r-oldrel-macos-x86_64 | 0.9-7 | NOTE | ||||
r-oldrel-windows-ix86+x86_64 | 0.9-7 | 67.00 | 62.00 | 129.00 | OK |
Version: 0.9-7
Check: installed package size
Result: NOTE
installed size is 17.5Mb
sub-directories of 1Mb or more:
libs 17.4Mb
Flavors: r-release-macos-arm64, r-release-macos-x86_64, r-oldrel-macos-x86_64