Last updated on 2022-04-08 01:48:55 CEST.
Flavor | Version | Tinstall | Tcheck | Ttotal | Status | Flags |
---|---|---|---|---|---|---|
r-devel-windows-x86_64-new-UL | 2.1 | 15.00 | 49.00 | 64.00 | NOTE | |
r-release-macos-arm64 | 2.1 | NOTE | ||||
r-release-windows-ix86+x86_64 | 2.1 | 6.00 | 41.00 | 47.00 | NOTE | |
r-oldrel-windows-ix86+x86_64 | 2.1 | 5.00 | 37.00 | 42.00 | NOTE |
Version: 2.1
Check: package dependencies
Result: NOTE
Packages suggested but not available for checking: 'rcom', 'RDCOMClient'
Flavors: r-devel-windows-x86_64-new-UL, r-release-windows-ix86+x86_64, r-oldrel-windows-ix86+x86_64
Version: 2.1
Check: DESCRIPTION meta-information
Result: NOTE
Malformed Title field: should not end in a period.
Flavors: r-devel-windows-x86_64-new-UL, r-release-macos-arm64, r-release-windows-ix86+x86_64, r-oldrel-windows-ix86+x86_64
Version: 2.1
Check: dependencies in R code
Result: NOTE
'library' or 'require' calls in package code:
'RDCOMClient' 'rcom'
Please use :: or requireNamespace() instead.
See section 'Suggested packages' in the 'Writing R Extensions' manual.
Flavors: r-devel-windows-x86_64-new-UL, r-release-macos-arm64, r-release-windows-ix86+x86_64, r-oldrel-windows-ix86+x86_64
Version: 2.1
Check: R code for possible problems
Result: NOTE
PPT.AddBlankSlide: no visible global function definition for
'comIsValidHandle'
PPT.AddDataFrame: no visible global function definition for
'comIsValidHandle'
PPT.AddDataFrame: no visible global function definition for
'write.table'
PPT.AddDataFrame: no visible global function definition for 'write.csv'
PPT.AddGraphicstoSlide: no visible global function definition for
'comIsValidHandle'
PPT.AddGraphicstoSlide: no visible global function definition for
'dev.cur'
PPT.AddGraphicstoSlide: no visible global function definition for
'dev.list'
PPT.AddGraphicstoSlide: no visible global function definition for
'savePlot'
PPT.AddTextSlide: no visible global function definition for
'comIsValidHandle'
PPT.AddTitleOnlySlide: no visible global function definition for
'comIsValidHandle'
PPT.AddTitleSlide: no visible global function definition for
'comIsValidHandle'
PPT.ApplyTemplate: no visible global function definition for
'comIsValidHandle'
PPT.Close: no visible global function definition for 'comIsValidHandle'
PPT.Init: no visible global function definition for 'comCreateObject'
PPT.Init: no visible global function definition for 'comIsValidHandle'
PPT.Init: no visible global function definition for 'COMCreate'
PPT.Present: no visible global function definition for
'comIsValidHandle'
PPT.SaveAs: no visible global function definition for
'comIsValidHandle'
PPT.getAbsolutePath : PPT.filePath: no visible global function
definition for 'readWindowsShortcut'
Undefined global functions or variables:
COMCreate comCreateObject comIsValidHandle dev.cur dev.list
readWindowsShortcut savePlot write.csv write.table
Consider adding
importFrom("grDevices", "dev.cur", "dev.list", "savePlot")
importFrom("utils", "write.csv", "write.table")
to your NAMESPACE file.
Flavors: r-devel-windows-x86_64-new-UL, r-release-windows-ix86+x86_64, r-oldrel-windows-ix86+x86_64