Last updated on 2022-04-08 01:48:55 CEST.
Flavor | Version | Tinstall | Tcheck | Ttotal | Status | Flags |
---|---|---|---|---|---|---|
r-devel-linux-x86_64-debian-clang | 0.8-7 | 62.18 | 220.18 | 282.36 | OK | |
r-devel-linux-x86_64-debian-gcc | 0.8-7 | 49.99 | 162.84 | 212.83 | OK | |
r-devel-linux-x86_64-fedora-clang | 0.8-7 | 346.20 | NOTE | |||
r-devel-linux-x86_64-fedora-gcc | 0.8-7 | 353.60 | OK | |||
r-devel-windows-x86_64-new-UL | 0.8-7 | 102.00 | 222.00 | 324.00 | OK | |
r-patched-linux-x86_64 | 0.8-7 | 55.11 | 207.22 | 262.33 | OK | |
r-release-linux-x86_64 | 0.8-7 | 40.37 | 196.20 | 236.57 | OK | |
r-release-macos-arm64 | 0.8-7 | OK | ||||
r-release-macos-x86_64 | 0.8-7 | OK | ||||
r-release-windows-ix86+x86_64 | 0.8-7 | 103.00 | 214.00 | 317.00 | OK | |
r-oldrel-macos-x86_64 | 0.8-7 | OK | ||||
r-oldrel-windows-ix86+x86_64 | 0.8-7 | 103.00 | 225.00 | 328.00 | OK |
Version: 0.8-7
Check: Rd cross-references
Result: NOTE
Undeclared package ‘generics’ in Rd xrefs
Flavor: r-devel-linux-x86_64-fedora-clang