CRAN Package Check Results for Package R.temis

Last updated on 2022-04-08 01:48:55 CEST.

Flavor Version Tinstall Tcheck Ttotal Status Flags
r-devel-linux-x86_64-debian-clang 0.1.3 10.36 127.40 137.76 OK
r-devel-linux-x86_64-debian-gcc 0.1.3 8.13 90.33 98.46 OK
r-devel-linux-x86_64-fedora-clang 0.1.3 164.38 NOTE
r-devel-linux-x86_64-fedora-gcc 0.1.3 140.70 NOTE
r-devel-windows-x86_64-new-UL 0.1.3 22.00 137.00 159.00 OK
r-patched-linux-x86_64 0.1.3 14.95 118.35 133.30 OK
r-release-linux-x86_64 0.1.3 7.85 113.44 121.29 OK
r-release-macos-arm64 0.1.3 NOTE
r-release-macos-x86_64 0.1.3 NOTE
r-release-windows-ix86+x86_64 0.1.3 24.00 137.00 161.00 OK
r-oldrel-macos-x86_64 0.1.3 NOTE
r-oldrel-windows-ix86+x86_64 0.1.3 24.00 147.00 171.00 OK

Check Details

Version: 0.1.3
Check: dependencies in R code
Result: NOTE
    Namespace in Imports field not imported from: ‘testthat’
     All declared Imports should be used.
Flavors: r-devel-linux-x86_64-fedora-clang, r-devel-linux-x86_64-fedora-gcc, r-release-macos-arm64, r-release-macos-x86_64, r-oldrel-macos-x86_64