Last updated on 2022-04-08 01:48:55 CEST.
Flavor | Version | Tinstall | Tcheck | Ttotal | Status | Flags |
---|---|---|---|---|---|---|
r-devel-linux-x86_64-debian-clang | 1.1.1 | 206.20 | 110.44 | 316.64 | OK | |
r-devel-linux-x86_64-debian-gcc | 1.1.1 | 175.85 | 81.81 | 257.66 | OK | |
r-devel-linux-x86_64-fedora-clang | 1.1.1 | 463.40 | NOTE | |||
r-devel-linux-x86_64-fedora-gcc | 1.1.1 | 434.46 | OK | |||
r-devel-windows-x86_64-new-UL | 1.1.1 | 156.00 | 174.00 | 330.00 | NOTE | |
r-patched-linux-x86_64 | 1.1.1 | 180.62 | 105.25 | 285.87 | OK | |
r-release-linux-x86_64 | 1.1.1 | 171.87 | 105.60 | 277.47 | OK | |
r-release-macos-arm64 | 1.1.1 | NOTE | ||||
r-release-macos-x86_64 | 1.1.1 | NOTE | ||||
r-release-windows-ix86+x86_64 | 1.1.1 | 197.00 | 139.00 | 336.00 | NOTE | |
r-oldrel-macos-x86_64 | 1.1.1 | NOTE | ||||
r-oldrel-windows-ix86+x86_64 | 1.1.1 | 196.00 | 153.00 | 349.00 | NOTE |
Version: 1.1.1
Check: installed package size
Result: NOTE
installed size is 50.2Mb
sub-directories of 1Mb or more:
libs 49.6Mb
Flavors: r-devel-linux-x86_64-fedora-clang, r-devel-windows-x86_64-new-UL, r-release-macos-arm64, r-release-macos-x86_64, r-release-windows-ix86+x86_64, r-oldrel-macos-x86_64, r-oldrel-windows-ix86+x86_64