Last updated on 2022-04-08 01:48:55 CEST.
Flavor | Version | Tinstall | Tcheck | Ttotal | Status | Flags |
---|---|---|---|---|---|---|
r-devel-linux-x86_64-debian-clang | 1.5.4 | 50.30 | 389.79 | 440.09 | NOTE | |
r-devel-linux-x86_64-debian-gcc | 1.5.4 | 43.56 | 282.46 | 326.02 | NOTE | |
r-devel-linux-x86_64-fedora-clang | 1.5.4 | 530.58 | OK | |||
r-devel-linux-x86_64-fedora-gcc | 1.5.4 | 502.60 | OK | |||
r-devel-windows-x86_64-new-UL | 1.5.4 | 77.00 | 344.00 | 421.00 | NOTE | |
r-patched-linux-x86_64 | 1.5.4 | 54.77 | 370.44 | 425.21 | NOTE | |
r-release-linux-x86_64 | 1.5.4 | 44.55 | 340.98 | 385.53 | NOTE | |
r-release-macos-arm64 | 1.5.4 | NOTE | ||||
r-release-macos-x86_64 | 1.5.4 | NOTE | ||||
r-release-windows-ix86+x86_64 | 1.5.4 | 97.00 | 351.00 | 448.00 | OK | |
r-oldrel-macos-x86_64 | 1.5.4 | NOTE | ||||
r-oldrel-windows-ix86+x86_64 | 1.5.4 | 99.00 | 364.00 | 463.00 | OK |
Version: 1.5.4
Check: package dependencies
Result: NOTE
Package suggested but not available for checking: 'INLA'
Flavors: r-devel-linux-x86_64-debian-clang, r-devel-linux-x86_64-debian-gcc, r-devel-windows-x86_64-new-UL, r-patched-linux-x86_64, r-release-linux-x86_64, r-release-macos-arm64, r-release-macos-x86_64, r-oldrel-macos-x86_64