Last updated on 2022-04-08 01:48:54 CEST.
Flavor | Version | Tinstall | Tcheck | Ttotal | Status | Flags |
---|---|---|---|---|---|---|
r-devel-linux-x86_64-debian-clang | 2.7.5 | 65.97 | 173.42 | 239.39 | NOTE | |
r-devel-linux-x86_64-debian-gcc | 2.7.5 | 58.45 | 129.02 | 187.47 | NOTE | |
r-devel-linux-x86_64-fedora-clang | 2.7.5 | 315.17 | NOTE | |||
r-devel-linux-x86_64-fedora-gcc | 2.7.5 | 276.75 | NOTE | |||
r-devel-windows-x86_64-new-UL | 2.7.5 | 339.00 | 235.00 | 574.00 | NOTE | |
r-patched-linux-x86_64 | 2.7.5 | 60.57 | 166.79 | 227.36 | NOTE | |
r-release-linux-x86_64 | 2.7.5 | 59.31 | 164.95 | 224.26 | NOTE | |
r-release-macos-arm64 | 2.7.5 | NOTE | ||||
r-release-macos-x86_64 | 2.7.5 | NOTE | ||||
r-release-windows-ix86+x86_64 | 2.7.5 | 214.00 | 207.00 | 421.00 | NOTE | |
r-oldrel-macos-x86_64 | 2.7.5 | NOTE | ||||
r-oldrel-windows-ix86+x86_64 | 2.7.5 | 217.00 | 206.00 | 423.00 | NOTE |
Version: 2.7.5
Check: package dependencies
Result: NOTE
Package suggested but not available for checking: 'WhopGenome'
Flavors: r-devel-linux-x86_64-debian-clang, r-devel-linux-x86_64-debian-gcc, r-devel-linux-x86_64-fedora-clang, r-devel-linux-x86_64-fedora-gcc, r-devel-windows-x86_64-new-UL, r-patched-linux-x86_64, r-release-linux-x86_64, r-release-macos-arm64, r-release-macos-x86_64, r-oldrel-macos-x86_64
Version: 2.7.5
Check: installed package size
Result: NOTE
installed size is 5.3Mb
sub-directories of 1Mb or more:
R 1.6Mb
doc 1.1Mb
libs 2.3Mb
Flavors: r-release-windows-ix86+x86_64, r-oldrel-windows-ix86+x86_64