Last updated on 2022-04-08 01:48:54 CEST.
Flavor | Version | Tinstall | Tcheck | Ttotal | Status | Flags |
---|---|---|---|---|---|---|
r-devel-linux-x86_64-debian-clang | 3.0.4 | 43.78 | 441.64 | 485.42 | OK | |
r-devel-linux-x86_64-debian-gcc | 3.0.4 | 40.42 | 317.85 | 358.27 | OK | |
r-devel-linux-x86_64-fedora-clang | 3.0.4 | 567.50 | NOTE | |||
r-devel-linux-x86_64-fedora-gcc | 3.0.4 | 548.75 | OK | |||
r-devel-windows-x86_64-new-UL | 3.0.4 | 62.00 | 424.00 | 486.00 | OK | |
r-patched-linux-x86_64 | 3.0.4 | 45.78 | 414.91 | 460.69 | OK | |
r-release-linux-x86_64 | 3.0.4 | 36.74 | 379.43 | 416.17 | OK | |
r-release-macos-arm64 | 3.0.4 | OK | ||||
r-release-macos-x86_64 | 3.0.4 | OK | ||||
r-release-windows-ix86+x86_64 | 3.0.4 | 95.00 | 401.00 | 496.00 | OK | |
r-oldrel-macos-x86_64 | 3.0.4 | OK | ||||
r-oldrel-windows-ix86+x86_64 | 3.0.4 | 95.00 | 419.00 | 514.00 | OK |
Version: 3.0.4
Check: package dependencies
Result: NOTE
Imports includes 21 non-default packages.
Importing from so many packages makes the package vulnerable to any of
them becoming unavailable. Move as many as possible to Suggests and
use conditionally.
Flavor: r-devel-linux-x86_64-fedora-clang
Version: 3.0.4
Check: Rd cross-references
Result: NOTE
Undeclared package ‘ecodist’ in Rd xrefs
Flavor: r-devel-linux-x86_64-fedora-clang