CRAN Package Check Results for Package PerMallows

Last updated on 2022-04-08 01:48:54 CEST.

Flavor Version Tinstall Tcheck Ttotal Status Flags
r-devel-linux-x86_64-debian-clang 1.13 21.66 45.26 66.92 NOTE
r-devel-linux-x86_64-debian-gcc 1.13 16.83 34.56 51.39 NOTE
r-devel-linux-x86_64-fedora-clang 1.13 95.15 NOTE
r-devel-linux-x86_64-fedora-gcc 1.13 68.16 NOTE
r-devel-windows-x86_64-new-UL 1.13 59.00 82.00 141.00 OK
r-patched-linux-x86_64 1.13 18.18 43.68 61.86 NOTE
r-release-linux-x86_64 1.13 18.04 41.68 59.72 NOTE
r-release-macos-arm64 1.13 OK
r-release-macos-x86_64 1.13 OK
r-release-windows-ix86+x86_64 1.13 55.00 79.00 134.00 OK
r-oldrel-macos-x86_64 1.13 OK
r-oldrel-windows-ix86+x86_64 1.13 52.00 78.00 130.00 OK

Additional issues

rchk

Check Details

Version: 1.13
Check: for non-standard things in the check directory
Result: NOTE
    Found the following files/directories:
     'permus_per_dist_4' 'permus_per_shape_bin_4_0'
     'permus_per_shape_bin_4_1' 'permus_per_shape_bin_4_2'
     'permus_per_shape_bin_4_3'
Flavors: r-devel-linux-x86_64-debian-clang, r-devel-linux-x86_64-debian-gcc, r-devel-linux-x86_64-fedora-clang, r-devel-linux-x86_64-fedora-gcc, r-patched-linux-x86_64, r-release-linux-x86_64