Last updated on 2022-04-08 01:48:53 CEST.
Flavor | Version | Tinstall | Tcheck | Ttotal | Status | Flags |
---|---|---|---|---|---|---|
r-devel-linux-x86_64-debian-clang | 1.14 | 9.55 | 92.40 | 101.95 | NOTE | |
r-devel-linux-x86_64-debian-gcc | 1.14 | 6.56 | 67.61 | 74.17 | NOTE | |
r-devel-linux-x86_64-fedora-clang | 1.14 | 117.17 | NOTE | |||
r-devel-linux-x86_64-fedora-gcc | 1.14 | 104.23 | NOTE | |||
r-devel-windows-x86_64-new-UL | 1.14 | 102.00 | 109.00 | 211.00 | NOTE | |
r-patched-linux-x86_64 | 1.14 | 7.54 | 85.11 | 92.65 | NOTE | |
r-release-linux-x86_64 | 1.14 | 7.88 | 82.56 | 90.44 | NOTE | |
r-release-macos-arm64 | 1.14 | NOTE | ||||
r-release-macos-x86_64 | 1.14 | NOTE | ||||
r-release-windows-ix86+x86_64 | 1.14 | 16.00 | 146.00 | 162.00 | NOTE | |
r-oldrel-macos-x86_64 | 1.14 | OK | ||||
r-oldrel-windows-ix86+x86_64 | 1.14 | 17.00 | 134.00 | 151.00 | OK |
Version: 1.14
Check: LazyData
Result: NOTE
'LazyData' is specified without a 'data' directory
Flavors: r-devel-linux-x86_64-debian-clang, r-devel-linux-x86_64-debian-gcc, r-devel-linux-x86_64-fedora-clang, r-devel-linux-x86_64-fedora-gcc, r-devel-windows-x86_64-new-UL, r-patched-linux-x86_64, r-release-linux-x86_64, r-release-macos-arm64, r-release-macos-x86_64, r-release-windows-ix86+x86_64