CRAN Package Check Results for Package PSGD

Last updated on 2022-04-08 01:48:55 CEST.

Flavor Version Tinstall Tcheck Ttotal Status Flags
r-devel-linux-x86_64-debian-clang 1.0.0 112.18 44.25 156.43 OK
r-devel-linux-x86_64-debian-gcc 1.0.0 92.25 33.63 125.88 OK
r-devel-linux-x86_64-fedora-clang 1.0.0 233.64 OK
r-devel-linux-x86_64-fedora-gcc 1.0.0 196.43 OK
r-devel-windows-x86_64-new-UL 1.0.0 84.00 88.00 172.00 OK
r-patched-linux-x86_64 1.0.0 102.99 42.84 145.83 OK
r-release-linux-x86_64 1.0.0 99.41 41.25 140.66 OK
r-release-macos-arm64 1.0.0 NOTE
r-release-macos-x86_64 1.0.0 NOTE
r-release-windows-ix86+x86_64 1.0.0 265.00 93.00 358.00 OK
r-oldrel-macos-x86_64 1.0.0 NOTE
r-oldrel-windows-ix86+x86_64 1.0.0 265.00 77.00 342.00 OK

Check Details

Version: 1.0.0
Check: installed package size
Result: NOTE
     installed size is 6.0Mb
     sub-directories of 1Mb or more:
     libs 5.9Mb
Flavors: r-release-macos-arm64, r-release-macos-x86_64, r-oldrel-macos-x86_64