CRAN Package Check Results for Package PPforest

Last updated on 2022-04-08 01:48:54 CEST.

Flavor Version Tinstall Tcheck Ttotal Status Flags
r-devel-linux-x86_64-debian-clang 0.1.2 45.92 112.92 158.84 OK
r-devel-linux-x86_64-debian-gcc 0.1.2 38.74 83.95 122.69 OK
r-devel-linux-x86_64-fedora-clang 0.1.2 205.78 OK
r-devel-linux-x86_64-fedora-gcc 0.1.2 183.31 OK
r-devel-windows-x86_64-new-UL 0.1.2 66.00 188.00 254.00 OK
r-patched-linux-x86_64 0.1.2 42.87 106.38 149.25 OK
r-release-linux-x86_64 0.1.2 42.20 89.99 132.19 OK
r-release-macos-arm64 0.1.2 NOTE
r-release-macos-x86_64 0.1.2 NOTE
r-release-windows-ix86+x86_64 0.1.2 110.00 174.00 284.00 OK
r-oldrel-macos-x86_64 0.1.2 NOTE
r-oldrel-windows-ix86+x86_64 0.1.2 110.00 180.00 290.00 OK

Check Details

Version: 0.1.2
Check: installed package size
Result: NOTE
     installed size is 6.4Mb
     sub-directories of 1Mb or more:
     libs 5.2Mb
Flavors: r-release-macos-arm64, r-release-macos-x86_64, r-oldrel-macos-x86_64