Last updated on 2022-04-08 01:48:54 CEST.
Flavor | Version | Tinstall | Tcheck | Ttotal | Status | Flags |
---|---|---|---|---|---|---|
r-devel-linux-x86_64-debian-clang | 1.1.1 | 106.19 | 380.50 | 486.69 | OK | |
r-devel-linux-x86_64-debian-gcc | 1.1.1 | 83.82 | 279.89 | 363.71 | OK | |
r-devel-linux-x86_64-fedora-clang | 1.1.1 | 638.29 | NOTE | |||
r-devel-linux-x86_64-fedora-gcc | 1.1.1 | 556.58 | NOTE | |||
r-devel-windows-x86_64-new-UL | 1.1.1 | 152.00 | 417.00 | 569.00 | OK | |
r-patched-linux-x86_64 | 1.1.1 | 90.62 | 342.12 | 432.74 | OK | |
r-release-linux-x86_64 | 1.1.1 | 95.32 | 341.48 | 436.80 | OK | |
r-release-macos-x86_64 | 1.1.1 | NOTE | ||||
r-oldrel-macos-x86_64 | 1.1.1 | NOTE | ||||
r-oldrel-windows-ix86+x86_64 | 1.1.1 | 238.00 | 732.00 | 970.00 | OK |
Version: 1.1.1
Check: dependencies in R code
Result: NOTE
Namespace in Imports field not imported from: ‘BH’
All declared Imports should be used.
Flavors: r-devel-linux-x86_64-fedora-clang, r-devel-linux-x86_64-fedora-gcc, r-release-macos-x86_64, r-oldrel-macos-x86_64