CRAN Package Check Results for Package PDMIF

Last updated on 2022-04-08 01:48:54 CEST.

Flavor Version Tinstall Tcheck Ttotal Status Flags
r-devel-linux-x86_64-debian-clang 0.1.0 6.54 75.20 81.74 OK
r-devel-linux-x86_64-debian-gcc 0.1.0 5.46 55.30 60.76 OK
r-devel-linux-x86_64-fedora-clang 0.1.0 99.86 NOTE
r-devel-linux-x86_64-fedora-gcc 0.1.0 83.26 NOTE
r-devel-windows-x86_64-new-UL 0.1.0 24.00 95.00 119.00 OK
r-patched-linux-x86_64 0.1.0 5.80 70.72 76.52 OK
r-release-linux-x86_64 0.1.0 5.60 70.12 75.72 OK
r-release-macos-arm64 0.1.0 NOTE
r-release-macos-x86_64 0.1.0 NOTE
r-release-windows-ix86+x86_64 0.1.0 11.00 87.00 98.00 OK
r-oldrel-macos-x86_64 0.1.0 NOTE
r-oldrel-windows-ix86+x86_64 0.1.0 11.00 85.00 96.00 OK

Check Details

Version: 0.1.0
Check: dependencies in R code
Result: NOTE
    Namespace in Imports field not imported from: ‘ncvreg’
     All declared Imports should be used.
Flavors: r-devel-linux-x86_64-fedora-clang, r-devel-linux-x86_64-fedora-gcc, r-release-macos-arm64, r-release-macos-x86_64, r-oldrel-macos-x86_64