CRAN Package Check Results for Package PCICt

Last updated on 2022-04-08 01:48:54 CEST.

Flavor Version Tinstall Tcheck Ttotal Status Flags
r-devel-linux-x86_64-debian-clang 0.5-4.1 3.85 38.53 42.38 OK
r-devel-linux-x86_64-debian-gcc 0.5-4.1 3.46 29.98 33.44 OK
r-devel-linux-x86_64-fedora-clang 0.5-4.1 53.66 NOTE
r-devel-linux-x86_64-fedora-gcc 0.5-4.1 39.78 NOTE
r-devel-windows-x86_64-new-UL 0.5-4.1 18.00 55.00 73.00 OK
r-patched-linux-x86_64 0.5-4.1 4.05 36.87 40.92 OK
r-release-linux-x86_64 0.5-4.1 4.21 36.20 40.41 OK
r-release-macos-arm64 0.5-4.1 OK
r-release-macos-x86_64 0.5-4.1 OK
r-release-windows-ix86+x86_64 0.5-4.1 10.00 54.00 64.00 OK
r-oldrel-macos-x86_64 0.5-4.1 OK
r-oldrel-windows-ix86+x86_64 0.5-4.1 11.00 56.00 67.00 OK

Additional issues

rchk

Check Details

Version: 0.5-4.1
Check: compiled code
Result: NOTE
    File ‘PCICt/libs/PCICt.so’:
     Found no call to: ‘R_useDynamicSymbols’
    
    It is good practice to register native routines and to disable symbol
    search.
    
    See ‘Writing portable packages’ in the ‘Writing R Extensions’ manual.
Flavors: r-devel-linux-x86_64-fedora-clang, r-devel-linux-x86_64-fedora-gcc