CRAN Package Check Results for Package PBSmapping

Last updated on 2022-04-08 01:48:54 CEST.

Flavor Version Tinstall Tcheck Ttotal Status Flags
r-devel-linux-x86_64-debian-clang 2.73.0 21.17 101.78 122.95 OK
r-devel-linux-x86_64-debian-gcc 2.73.0 19.72 78.81 98.53 OK
r-devel-linux-x86_64-fedora-clang 2.73.0 164.09 NOTE
r-devel-linux-x86_64-fedora-gcc 2.73.0 140.84 OK
r-devel-windows-x86_64-new-UL 2.73.0 126.00 137.00 263.00 NOTE
r-patched-linux-x86_64 2.73.0 21.49 97.12 118.61 OK
r-release-linux-x86_64 2.73.0 20.54 96.38 116.92 OK
r-release-macos-arm64 2.73.0 NOTE
r-release-macos-x86_64 2.73.0 NOTE
r-release-windows-ix86+x86_64 2.73.0 51.00 147.00 198.00 NOTE
r-oldrel-macos-x86_64 2.73.0 NOTE
r-oldrel-windows-ix86+x86_64 2.73.0 50.00 144.00 194.00 NOTE

Check Details

Version: 2.73.0
Check: installed package size
Result: NOTE
     installed size is 6.4Mb
     sub-directories of 1Mb or more:
     data 2.7Mb
     doc 1.1Mb
     libs 1.1Mb
Flavors: r-devel-linux-x86_64-fedora-clang, r-devel-windows-x86_64-new-UL, r-release-macos-arm64, r-release-macos-x86_64, r-release-windows-ix86+x86_64, r-oldrel-macos-x86_64, r-oldrel-windows-ix86+x86_64