Last updated on 2022-04-08 01:48:53 CEST.
Flavor | Version | Tinstall | Tcheck | Ttotal | Status | Flags |
---|---|---|---|---|---|---|
r-devel-linux-x86_64-debian-clang | 1.1 | 3.75 | 51.19 | 54.94 | OK | |
r-devel-linux-x86_64-debian-gcc | 1.1 | 3.41 | 39.52 | 42.93 | OK | |
r-devel-linux-x86_64-fedora-clang | 1.1 | 69.34 | NOTE | |||
r-devel-linux-x86_64-fedora-gcc | 1.1 | 55.90 | NOTE | |||
r-devel-windows-x86_64-new-UL | 1.1 | 23.00 | 62.00 | 85.00 | OK | |
r-patched-linux-x86_64 | 1.1 | 4.07 | 49.59 | 53.66 | OK | |
r-release-linux-x86_64 | 1.1 | 3.56 | 48.28 | 51.84 | OK | |
r-release-macos-arm64 | 1.1 | NOTE | ||||
r-release-macos-x86_64 | 1.1 | NOTE | ||||
r-release-windows-ix86+x86_64 | 1.1 | 10.00 | 59.00 | 69.00 | OK | |
r-oldrel-macos-x86_64 | 1.1 | NOTE | ||||
r-oldrel-windows-ix86+x86_64 | 1.1 | 10.00 | 54.00 | 64.00 | OK |
Version: 1.1
Check: dependencies in R code
Result: NOTE
Namespace in Imports field not imported from: ‘geometry’
All declared Imports should be used.
Flavors: r-devel-linux-x86_64-fedora-clang, r-devel-linux-x86_64-fedora-gcc, r-release-macos-arm64, r-release-macos-x86_64, r-oldrel-macos-x86_64