CRAN Package Check Results for Package OGI

Last updated on 2022-04-08 01:48:53 CEST.

Flavor Version Tinstall Tcheck Ttotal Status Flags
r-devel-linux-x86_64-debian-clang 1.0.0 2.12 33.32 35.44 NOTE
r-devel-linux-x86_64-debian-gcc 1.0.0 1.68 25.93 27.61 NOTE
r-devel-linux-x86_64-fedora-clang 1.0.0 43.92 NOTE
r-devel-linux-x86_64-fedora-gcc 1.0.0 30.86 NOTE
r-devel-windows-x86_64-new-UL 1.0.0 12.00 46.00 58.00 NOTE
r-patched-linux-x86_64 1.0.0 2.32 31.73 34.05 NOTE
r-release-linux-x86_64 1.0.0 1.91 31.42 33.33 NOTE
r-release-macos-arm64 1.0.0 NOTE
r-release-macos-x86_64 1.0.0 NOTE
r-release-windows-ix86+x86_64 1.0.0 5.00 39.00 44.00 NOTE
r-oldrel-macos-x86_64 1.0.0 NOTE
r-oldrel-windows-ix86+x86_64 1.0.0 5.00 44.00 49.00 OK

Check Details

Version: 1.0.0
Check: LazyData
Result: NOTE
     'LazyData' is specified without a 'data' directory
Flavors: r-devel-linux-x86_64-debian-clang, r-devel-linux-x86_64-debian-gcc, r-devel-linux-x86_64-fedora-clang, r-devel-linux-x86_64-fedora-gcc, r-devel-windows-x86_64-new-UL, r-patched-linux-x86_64, r-release-linux-x86_64, r-release-macos-arm64, r-release-macos-x86_64, r-release-windows-ix86+x86_64

Version: 1.0.0
Check: dependencies in R code
Result: NOTE
    Namespace in Imports field not imported from: ‘methods’
     All declared Imports should be used.
Flavors: r-devel-linux-x86_64-fedora-clang, r-devel-linux-x86_64-fedora-gcc, r-release-macos-arm64, r-release-macos-x86_64, r-oldrel-macos-x86_64