CRAN Package Check Results for Package NPflow

Last updated on 2022-04-08 01:48:53 CEST.

Flavor Version Tinstall Tcheck Ttotal Status Flags
r-devel-linux-x86_64-debian-clang 0.13.3 276.83 149.21 426.04 OK
r-devel-linux-x86_64-debian-gcc 0.13.3 227.48 107.71 335.19 OK
r-devel-linux-x86_64-fedora-clang 0.13.3 611.25 NOTE
r-devel-linux-x86_64-fedora-gcc 0.13.3 532.10 OK
r-devel-windows-x86_64-new-UL 0.13.3 220.00 188.00 408.00 OK
r-patched-linux-x86_64 0.13.3 237.84 138.57 376.41 OK
r-release-linux-x86_64 0.13.3 237.34 131.33 368.67 OK
r-release-macos-arm64 0.13.3 NOTE
r-release-macos-x86_64 0.13.3 NOTE
r-release-windows-ix86+x86_64 0.13.3 660.00 246.00 906.00 OK
r-oldrel-macos-x86_64 0.13.3 NOTE
r-oldrel-windows-ix86+x86_64 0.13.3 664.00 244.00 908.00 OK

Check Details

Version: 0.13.3
Check: installed package size
Result: NOTE
     installed size is 6.6Mb
     sub-directories of 1Mb or more:
     libs 6.0Mb
Flavors: r-devel-linux-x86_64-fedora-clang, r-release-macos-arm64, r-release-macos-x86_64, r-oldrel-macos-x86_64