CRAN Package Check Results for Package NMADiagT

Last updated on 2022-04-08 01:48:52 CEST.

Flavor Version Tinstall Tcheck Ttotal Status Flags
r-devel-linux-x86_64-debian-clang 0.1.2 18.54 267.80 286.34 NOTE
r-devel-linux-x86_64-debian-gcc 0.1.2 13.38 187.11 200.49 NOTE
r-devel-linux-x86_64-fedora-clang 0.1.2 347.84 NOTE
r-devel-linux-x86_64-fedora-gcc 0.1.2 322.63 NOTE
r-devel-windows-x86_64-new-UL 0.1.2 34.00 268.00 302.00 NOTE
r-patched-linux-x86_64 0.1.2 15.17 260.48 275.65 NOTE
r-release-linux-x86_64 0.1.2 12.36 247.71 260.07 NOTE
r-release-macos-arm64 0.1.2 NOTE
r-release-macos-x86_64 0.1.2 NOTE
r-release-windows-ix86+x86_64 0.1.2 37.00 282.00 319.00 NOTE
r-oldrel-macos-x86_64 0.1.2 OK
r-oldrel-windows-ix86+x86_64 0.1.2 36.00 296.00 332.00 OK

Check Details

Version: 0.1.2
Check: LazyData
Result: NOTE
     'LazyData' is specified without a 'data' directory
Flavors: r-devel-linux-x86_64-debian-clang, r-devel-linux-x86_64-debian-gcc, r-devel-linux-x86_64-fedora-clang, r-devel-linux-x86_64-fedora-gcc, r-devel-windows-x86_64-new-UL, r-patched-linux-x86_64, r-release-linux-x86_64, r-release-macos-arm64, r-release-macos-x86_64, r-release-windows-ix86+x86_64