Last updated on 2022-04-08 01:48:52 CEST.
Flavor | Version | Tinstall | Tcheck | Ttotal | Status | Flags |
---|---|---|---|---|---|---|
r-devel-linux-x86_64-debian-clang | 0.1.0 | 6.69 | 110.02 | 116.71 | OK | |
r-devel-linux-x86_64-debian-gcc | 0.1.0 | 5.81 | 79.06 | 84.87 | OK | |
r-devel-linux-x86_64-fedora-clang | 0.1.0 | 135.82 | NOTE | |||
r-devel-linux-x86_64-fedora-gcc | 0.1.0 | 120.08 | NOTE | |||
r-devel-windows-x86_64-new-UL | 0.1.0 | 42.00 | 133.00 | 175.00 | OK | |
r-patched-linux-x86_64 | 0.1.0 | 5.88 | 99.46 | 105.34 | OK | |
r-release-linux-x86_64 | 0.1.0 | 5.83 | 98.62 | 104.45 | OK | |
r-release-macos-arm64 | 0.1.0 | NOTE | ||||
r-release-macos-x86_64 | 0.1.0 | ERROR | ||||
r-release-windows-ix86+x86_64 | 0.1.0 | 16.00 | 116.00 | 132.00 | OK | |
r-oldrel-macos-x86_64 | 0.1.0 | ERROR | ||||
r-oldrel-windows-ix86+x86_64 | 0.1.0 | 18.00 | 131.00 | 149.00 | OK |
Version: 0.1.0
Check: dependencies in R code
Result: NOTE
Namespaces in Imports field not imported from:
‘NHSRdatasets’ ‘grid’ ‘utils’
All declared Imports should be used.
Flavors: r-devel-linux-x86_64-fedora-clang, r-devel-linux-x86_64-fedora-gcc, r-release-macos-arm64, r-release-macos-x86_64, r-oldrel-macos-x86_64
Version: 0.1.0
Check: tests
Result: ERROR
Running ‘spelling.R’ [0s/0s]
Running ‘testthat.R’ [6s/6s]
Running the tests in ‘tests/testthat.R’ failed.
Last 13 lines of output:
══ Failed tests ════════════════════════════════════════════════════════════════
── Failure (test-ptd_create_ggplot.R:79:3): it returns a ggplot object ─────────
p$labels (`actual`) not equal to list(...) (`expected`).
`actual$title`: "SPC Chart of Y, starting 01/01/2020"
`expected$title`: "SPC Chart of Y, starting 02/01/2020"
── Failure (test-ptd_create_ggplot.R:299:3): it sets the main title correctly ──
p1$labels$title (`actual`) not equal to "SPC Chart of Y, starting 02/01/2020" (`expected`).
`actual`: "SPC Chart of Y, starting 01/01/2020"
`expected`: "SPC Chart of Y, starting 02/01/2020"
[ FAIL 2 | WARN 0 | SKIP 3 | PASS 430 ]
Error: Test failures
Execution halted
Flavors: r-release-macos-x86_64, r-oldrel-macos-x86_64