CRAN Package Check Results for Package N2R

Last updated on 2022-04-08 01:48:52 CEST.

Flavor Version Tinstall Tcheck Ttotal Status Flags
r-devel-linux-x86_64-debian-clang 1.0.1 92.27 79.48 171.75 NOTE
r-devel-linux-x86_64-debian-gcc 1.0.1 73.41 60.05 133.46 NOTE
r-devel-windows-x86_64-new-UL 1.0.1 91.00 120.00 211.00 NOTE
r-patched-linux-x86_64 1.0.1 81.03 75.44 156.47 NOTE
r-release-linux-x86_64 1.0.1 82.49 70.58 153.07 NOTE
r-release-macos-arm64 1.0.1 NOTE
r-release-macos-x86_64 1.0.1 NOTE
r-release-windows-ix86+x86_64 1.0.1 216.00 125.00 341.00 NOTE
r-oldrel-macos-x86_64 1.0.1 NOTE
r-oldrel-windows-ix86+x86_64 1.0.1 215.00 132.00 347.00 NOTE

Check Details

Version: 1.0.1
Check: for GNU extensions in Makefiles
Result: NOTE
    GNU make is a SystemRequirements.
Flavors: r-devel-linux-x86_64-debian-clang, r-devel-linux-x86_64-debian-gcc, r-devel-windows-x86_64-new-UL, r-patched-linux-x86_64, r-release-linux-x86_64, r-release-macos-arm64, r-release-macos-x86_64, r-release-windows-ix86+x86_64, r-oldrel-macos-x86_64, r-oldrel-windows-ix86+x86_64

Version: 1.0.1
Check: installed package size
Result: NOTE
     installed size is 6.9Mb
     sub-directories of 1Mb or more:
     libs 6.8Mb
Flavors: r-release-macos-arm64, r-release-macos-x86_64, r-oldrel-macos-x86_64