CRAN Package Check Results for Package MultiBD

Last updated on 2022-04-08 01:48:52 CEST.

Flavor Version Tinstall Tcheck Ttotal Status Flags
r-devel-linux-x86_64-debian-clang 0.2.0 110.09 160.88 270.97 OK
r-devel-linux-x86_64-debian-gcc 0.2.0 81.51 116.82 198.33 OK
r-devel-linux-x86_64-fedora-clang 0.2.0 353.49 NOTE
r-devel-linux-x86_64-fedora-gcc 0.2.0 333.15 NOTE
r-devel-windows-x86_64-new-UL 0.2.0 94.00 187.00 281.00 OK
r-patched-linux-x86_64 0.2.0 90.36 162.98 253.34 OK
r-release-linux-x86_64 0.2.0 86.30 166.24 252.54 OK
r-release-macos-arm64 0.2.0 NOTE
r-release-macos-x86_64 0.2.0 NOTE
r-release-windows-ix86+x86_64 0.2.0 260.00 186.00 446.00 OK
r-oldrel-macos-x86_64 0.2.0 NOTE
r-oldrel-windows-ix86+x86_64 0.2.0 261.00 188.00 449.00 OK

Check Details

Version: 0.2.0
Check: compiled code
Result: NOTE
    File ‘MultiBD/libs/MultiBD.so’:
     Found no calls to: ‘R_registerRoutines’, ‘R_useDynamicSymbols’
    
    It is good practice to register native routines and to disable symbol
    search.
    
    See ‘Writing portable packages’ in the ‘Writing R Extensions’ manual.
Flavors: r-devel-linux-x86_64-fedora-clang, r-devel-linux-x86_64-fedora-gcc

Version: 0.2.0
Check: installed package size
Result: NOTE
     installed size is 7.2Mb
     sub-directories of 1Mb or more:
     libs 5.6Mb
Flavors: r-release-macos-arm64, r-release-macos-x86_64, r-oldrel-macos-x86_64