CRAN Package Check Results for Package MrSGUIDE

Last updated on 2022-04-08 01:48:52 CEST.

Flavor Version Tinstall Tcheck Ttotal Status Flags
r-devel-linux-x86_64-debian-clang 0.1.2 134.91 90.33 225.24 OK
r-devel-linux-x86_64-debian-gcc 0.1.2 111.31 65.66 176.97 OK
r-devel-linux-x86_64-fedora-clang 0.1.2 334.59 NOTE
r-devel-linux-x86_64-fedora-gcc 0.1.2 289.46 OK
r-devel-windows-x86_64-new-UL 0.1.2 110.00 129.00 239.00 OK
r-patched-linux-x86_64 0.1.2 114.38 87.68 202.06 OK
r-release-linux-x86_64 0.1.2 116.86 87.40 204.26 OK
r-release-macos-arm64 0.1.2 NOTE
r-release-macos-x86_64 0.1.2 WARN
r-release-windows-ix86+x86_64 0.1.2 334.00 132.00 466.00 NOTE
r-oldrel-macos-x86_64 0.1.2 WARN
r-oldrel-windows-ix86+x86_64 0.1.2 335.00 133.00 468.00 NOTE

Check Details

Version: 0.1.2
Check: installed package size
Result: NOTE
     installed size is 6.8Mb
     sub-directories of 1Mb or more:
     doc 1.9Mb
     libs 4.6Mb
Flavors: r-devel-linux-x86_64-fedora-clang, r-release-macos-arm64, r-release-macos-x86_64, r-release-windows-ix86+x86_64, r-oldrel-macos-x86_64, r-oldrel-windows-ix86+x86_64

Version: 0.1.2
Check: re-building of vignette outputs
Result: WARN
    Error(s) in re-building vignettes:
     ...
    --- re-building ‘UsageOfMrSGUIDE.Rmd’ using rmarkdown
    Warning in engine$weave(file, quiet = quiet, encoding = enc) :
     Pandoc (>= 1.12.3) not available. Falling back to R Markdown v1.
    Quitting from lines 119-120 (UsageOfMrSGUIDE.Rmd)
    Error: processing vignette 'UsageOfMrSGUIDE.Rmd' failed with diagnostics:
    invalid 'path' argument
    --- failed re-building ‘UsageOfMrSGUIDE.Rmd’
    
    SUMMARY: processing the following file failed:
     ‘UsageOfMrSGUIDE.Rmd’
    
    Error: Vignette re-building failed.
    Execution halted
Flavor: r-release-macos-x86_64

Version: 0.1.2
Check: re-building of vignette outputs
Result: WARN
    Error(s) in re-building vignettes:
     ...
    --- re-building ‘UsageOfMrSGUIDE.Rmd’ using rmarkdown
    Warning in engine$weave(file, quiet = quiet, encoding = enc) :
     Pandoc (>= 1.12.3) and/or pandoc-citeproc not available. Falling back to R Markdown v1.
    Quitting from lines 119-120 (UsageOfMrSGUIDE.Rmd)
    Error: processing vignette 'UsageOfMrSGUIDE.Rmd' failed with diagnostics:
    cannot open the connection
    --- failed re-building ‘UsageOfMrSGUIDE.Rmd’
    
    SUMMARY: processing the following file failed:
     ‘UsageOfMrSGUIDE.Rmd’
    
    Error: Vignette re-building failed.
    Execution halted
Flavor: r-oldrel-macos-x86_64