CRAN Package Check Results for Package MomTrunc

Last updated on 2022-04-08 01:48:52 CEST.

Flavor Version Tinstall Tcheck Ttotal Status Flags
r-devel-linux-x86_64-debian-clang 5.97 74.67 94.83 169.50 OK
r-devel-linux-x86_64-debian-gcc 5.97 58.52 68.82 127.34 OK
r-devel-linux-x86_64-fedora-clang 5.97 223.51 NOTE
r-devel-linux-x86_64-fedora-gcc 5.97 200.05 OK
r-devel-windows-x86_64-new-UL 5.97 80.00 125.00 205.00 OK
r-patched-linux-x86_64 5.97 68.81 91.17 159.98 OK
r-release-linux-x86_64 5.97 57.28 88.40 145.68 OK
r-release-macos-arm64 5.97 NOTE
r-release-macos-x86_64 5.97 NOTE
r-release-windows-ix86+x86_64 5.97 148.00 132.00 280.00 OK
r-oldrel-macos-x86_64 5.97 NOTE
r-oldrel-windows-ix86+x86_64 5.97 148.00 133.00 281.00 OK

Check Details

Version: 5.97
Check: installed package size
Result: NOTE
     installed size is 5.0Mb
     sub-directories of 1Mb or more:
     libs 4.5Mb
Flavors: r-devel-linux-x86_64-fedora-clang, r-release-macos-arm64, r-release-macos-x86_64, r-oldrel-macos-x86_64