Last updated on 2022-04-08 01:48:51 CEST.
Flavor | Version | Tinstall | Tcheck | Ttotal | Status | Flags |
---|---|---|---|---|---|---|
r-devel-linux-x86_64-debian-clang | 2.0 | 1.70 | 37.17 | 38.87 | OK | |
r-devel-linux-x86_64-debian-gcc | 2.0 | 2.12 | 28.86 | 30.98 | OK | |
r-devel-linux-x86_64-fedora-clang | 2.0 | 48.99 | NOTE | |||
r-devel-linux-x86_64-fedora-gcc | 2.0 | 36.87 | NOTE | |||
r-devel-windows-x86_64-new-UL | 2.0 | 9.00 | 54.00 | 63.00 | OK | |
r-patched-linux-x86_64 | 2.0 | 2.05 | 36.56 | 38.61 | OK | |
r-release-linux-x86_64 | 2.0 | 1.85 | 35.17 | 37.02 | OK | |
r-release-macos-arm64 | 2.0 | NOTE | ||||
r-release-macos-x86_64 | 2.0 | NOTE | ||||
r-release-windows-ix86+x86_64 | 2.0 | 5.00 | 52.00 | 57.00 | OK | |
r-oldrel-macos-x86_64 | 2.0 | NOTE | ||||
r-oldrel-windows-ix86+x86_64 | 2.0 | 6.00 | 53.00 | 59.00 | OK |
Version: 2.0
Check: dependencies in R code
Result: NOTE
Namespaces in Imports field not imported from:
‘ashr’ ‘fdrtool’
All declared Imports should be used.
Flavors: r-devel-linux-x86_64-fedora-clang, r-devel-linux-x86_64-fedora-gcc, r-release-macos-arm64, r-release-macos-x86_64, r-oldrel-macos-x86_64